 66499 is divided by 1932.
811
Calculate the remainder when 12255775 is divided by 136.
135
What is the remainder when 423081 is divided by 105675?
381
Calculate the remainder when 823904 is divided by 58849.
18
Calculate the remainder when 17468288 is divided by 41394.
20
Calculate the remainder when 8482075 is divided by 59.
58
What is the remainder when 118759602 is divided by 17?
16
Calculate the remainder when 8946350 is divided by 947.
41
What is the remainder when 8903030 is divided by 2225754?
14
Calculate the remainder when 476247 is divided by 119057.
19
Calculate the remainder when 5522745 is divided by 5522700.
45
What is the remainder when 22063305 is divided by 2084?
2081
What is the remainder when 10333410 is divided by 14?
10
Calculate the remainder when 78854 is divided by 29.
3
What is the remainder when 33611337 is divided by 43538?
1
Calculate the remainder when 445491 is divided by 6744.
387
What is the remainder when 1830027 is divided by 1949?
1865
Calculate the remainder when 591730 is divided by 98617.
28
Calculate the remainder when 209106 is divided by 209091.
15
Calculate the remainder when 43937129 is divided by 23.
22
Calculate the remainder when 90052 is divided by 890.
162
What is the remainder when 155124 is divided by 21799?
2531
What is the remainder when 2845610 is divided by 1913?
979
What is the remainder when 77955 is divided by 325?
280
Calculate the remainder when 109510 is divided by 108509.
1001
What is the remainder when 5732911 is divided by 573289?
21
Calculate the remainder when 7290649 is divided by 119.
114
Calculate the remainder when 1322799182 is divided by 16.
14
Calculate the remainder when 520144 is divided by 1591.
1478
What is the remainder when 39351 is divided by 1459?
1417
What is the remainder when 397290 is divided by 110?
80
Calculate the remainder when 24704 is divided by 4021.
578
What is the remainder when 187711945 is divided by 5330?
5
What is the remainder when 259442 is divided by 7865?
7762
What is the remainder when 4638301 is divided by 1615?
21
What is the remainder when 511757 is divided by 28429?
35
What is the remainder when 461364 is divided by 17742?
72
Calculate the remainder when 2291815 is divided by 2756.
1579
Calculate the remainder when 95269026 is divided by 18.
12
Calculate the remainder when 86697207 is divided by 144.
135
What is the remainder when 13701 is divided by 1551?
1293
Calculate the remainder when 26546 is divided by 8836.
38
Calculate the remainder when 435745 is divided by 15204.
10033
Calculate the remainder when 9464665 is divided by 417.
16
Calculate the remainder when 101476 is divided by 49821.
1834
What is the remainder when 57644 is divided by 11286?
1214
Calculate the remainder when 1171547 is divided by 30.
17
What is the remainder when 4542290 is divided by 1405?
1330
What is the remainder when 8601567 is divided by 8130?
27
What is the remainder when 45652 is divided by 1979?
135
What is the remainder when 101093 is divided by 20123?
478
Calculate the remainder when 96215 is divided by 1545.
425
Calculate the remainder when 296500 is divided by 29639.
110
What is the remainder when 629075 is divided by 9829?
19
Calculate the remainder when 80922357 is divided by 2247843.
9
What is the remainder when 7781975 is divided by 972742?
39
Calculate the remainder when 326383 is divided by 326297.
86
What is the remainder when 62306 is divided by 4541?
3273
Calculate the remainder when 33131 is divided by 5512.
59
Calculate the remainder when 12387544 is divided by 476.
120
What is the remainder when 1617847 is divided by 231097?
168
What is the remainder when 1626810 is divided by 80?
10
What is the remainder when 963800 is divided by 107086?
26
What is the remainder when 2993594 is divided by 5963?
168
Calculate the remainder when 132942467 is divided by 57.
56
What is the remainder when 1172785533 is divided by 18?
15
What is the remainder when 884277 is divided by 34?
5
What is the remainder when 116828 is divided by 29072?
540
What is the remainder when 105375 is divided by 1955?
1760
Calculate the remainder when 2487372 is divided by 829044.
240
Calculate the remainder when 128894 is divided by 9811.
1351
What is the remainder when 339425 is divided by 168121?
3183
What is the remainder when 3916953 is divided by 67?
66
What is the remainder when 11651142 is divided by 723?
720
What is the remainder when 97811 is divided by 523?
10
Calculate the remainder when 4581277 is divided by 304.
301
What is the remainder when 3439607 is divided by 344?
295
Calculate the remainder when 129226676 is divided by 211847.
6
What is the remainder when 14467495 is divided by 73?
63
What is the remainder when 156 is divided by 3?
0
Calculate the remainder when 10526126 is divided by 13.
0
Calculate the remainder when 98742 is divided by 4619.
1743
Calculate the remainder when 2317251 is divided by 381.
9
Calculate the remainder when 1795422 is divided by 608.
606
What is the remainder when 29794171 is divided by 178?
175
What is the remainder when 1210637 is divided by 370?
367
Calculate the remainder when 2999672 is divided by 492.
440
What is the remainder when 1267001 is divided by 633492?
17
What is the remainder when 620783 is divided by 56434?
9
What is the remainder when 420172 is divided by 1040?
12
Calculate the remainder when 943521 is divided by 58970.
1
What is the remainder when 30410952 is divided by 897?
858
What is the remainder when 1112830 is divided by 1336?
1278
Calculate the remainder when 2648432 is divided by 6879.
17
Calculate the remainder when 84396562 is divided by 1161.
1150
What is the remainder when 481862 is divided by 481859?
3
Calculate the remainder when 254358 is divided by 4709.
72
Calculate the remainder when 80723 is divided by 2882.
27
Calculate the remainder when 32070053 is divided by 274.
271
Calculate the remainder when 1177482 is divided by 51194.
20
What is the remainder when 118723 is divided by 118682?
41
Calculate the remainder when 4251678 is divided by 651.
648
What is the remainder when 22570 is divided by 2800?
170
Calculate the remainder when 1196367 is divided by 1134.
1131
Calculate the remainder when 346639 is divided by 575.
489
What is the remainder when 80851317 is divided by 165?
162
What is the remainder when 24770977 is divided by 52?
49
Calculate the remainder when 1268540 is divided by 285.
5
What is the remainder when 1170237 is divided by 97519?
9
What is the remainder when 535679 is divided by 18?
17
Calculate the remainder when 10725790 is divided by 227.
40
What is the remainder when 125281401 is divided by 123?
120
Calculate the remainder when 7899700 is divided by 1435.
25
What is the remainder when 2690453 is divided by 14?
3
What is the remainder when 14218 is divided by 59?
58
What is the remainder when 339676 is divided by 252?
232
Calculate the remainder when 5294968 is divided by 88.
8
Calculate the remainder when 11617595 is divided by 246.
245
Calculate the remainder when 19137 is divided by 1859.
547
Calculate the remainder when 53089 is divided by 3379.
2404
What is the remainder when 520138 is divided by 7117?
597
Calculate the remainder when 85702967 is divided by 621.
620
What is the remainder when 61429 is divided by 7?
4
What is the remainder when 343232 is divided by 231?
197
Calculate the remainder when 13571031 is divided by 4523673.
12
What is the remainder when 5285722 is divided by 52?
26
What is the remainder when 49093926 is divided by 97?
92
Calculate the remainder when 2375928 is divided by 709.
69
What is the remainder when 941156 is divided by 93?
89
Calculate the remainder when 511147839 is divided by 9920.
9919
Calculate the remainder when 7617291 is divided by 39264.
75
Calculate the remainder when 2100224 is divided by 156.
152
What is the remainder when 939474 is divided by 7463?
6599
What is the remainder when 453521 is divided by 2967?
2537
What is the remainder when 407328 is divided by 811?
206
Calculate the remainder when 7049 is divided by 711.
650
What is the remainder when 13302492 is divided by 1108538?
36
What is the remainder when 180049094 is divided by 1675?
1669
What is the remainder when 3643477 is divided by 20?
17
What is the remai